 8?
-47744
What is 221210 (base 3) in base 5?
10241
-359b (base 12) to base 8
-13607
What is 262 (base 11) in base 9?
374
Convert -21325 (base 8) to base 13.
-409c
What is -29682 (base 10) in base 6?
-345230
What is 2614 (base 9) in base 14?
9db
-31041 (base 5) to base 13
-bc6
2030 (base 7) to base 10
707
-14354 (base 10) to base 15
-43be
Convert 20220100 (base 4) to base 7.
205021
What is -6d52 (base 16) in base 11?
-1a032
What is 12421 (base 6) in base 12?
1111
Convert -19 (base 11) to base 3.
-202
What is -101101001001 (base 2) in base 13?
-1413
What is -7820 (base 9) in base 2?
-1011010001001
What is 57a (base 15) in base 14?
648
Convert ab6 (base 12) to base 13.
945
Convert 1626 (base 9) to base 12.
873
What is -b819 (base 16) in base 8?
-134031
-14412 (base 7) to base 9
-5410
What is -54430 (base 9) in base 10?
-36072
What is -6b1 (base 15) in base 5?
-22031
589 (base 11) to base 3
222000
Convert -10000101101 (base 2) to base 10.
-1069
What is 1b2 (base 16) in base 12?
302
-22210010 (base 3) to base 2
-1100100000010
1112121000 (base 3) to base 10
30321
Convert -100100000 (base 2) to base 8.
-440
Convert 18118 (base 11) to base 6.
313421
Convert -6d62 (base 16) to base 5.
-1344002
-3005 (base 7) to base 16
-40a
Convert 3365 (base 11) to base 6.
32255
-4131 (base 5) to base 12
-391
-8341 (base 16) to base 10
-33601
What is -7ed (base 16) in base 4?
-133231
-1120201000 (base 3) to base 9
-46630
What is -5525 (base 7) in base 12?
-118b
Convert -10113 (base 5) to base 9.
-811
Convert 110111011010 (base 2) to base 6.
24230
What is b8b (base 14) in base 10?
2279
What is 1207 (base 11) in base 15?
705
-5279 (base 10) to base 2
-1010010011111
Convert 10000001110111011 (base 2) to base 10.
66491
Convert -1136 (base 10) to base 11.
-943
10202 (base 8) to base 6
31322
Convert -10001100 (base 2) to base 16.
-8c
What is -22300 (base 4) in base 11?
-576
-212210 (base 8) to base 7
-413251
-48 (base 16) to base 9
-80
Convert -3002030 (base 5) to base 13.
-185c2
-5244 (base 8) to base 7
-10641
3013 (base 4) to base 8
307
Convert 1306 (base 10) to base 15.
5c1
What is 3385 (base 11) in base 6?
32333
552 (base 6) to base 16
d4
Convert 10b (base 15) to base 3.
22202
Convert -14278 (base 9) to base 14.
-3778
Convert -1347 (base 13) to base 16.
-acb
What is -301 (base 10) in base 16?
-12d
Convert -9a8 (base 14) to base 3.
-2121211
Convert -1220 (base 13) to base 11.
-1a19
-1258 (base 9) to base 3
-1021222
131230 (base 5) to base 10
5190
What is -2165 (base 8) in base 16?
-475
What is -1001 (base 9) in base 2?
-1011011010
What is 2599 (base 13) in base 9?
7321
Convert -5742 (base 12) to base 6.
-112522
-1001001100111000 (base 2) to base 8
-111470
Convert -1d76 (base 16) to base 14.
-2a6a
-45167 (base 8) to base 5
-1102223
-14877 (base 12) to base 5
-1411031
Convert 103 (base 16) to base 2.
100000011
Convert -1832 (base 14) to base 10.
-4356
2386 (base 14) to base 8
14062
Convert 223123 (base 5) to base 9.
11762
-33023132 (base 4) to base 6
-1155502
What is -12633 (base 11) in base 16?
-4691
-23 (base 14) to base 6
-51
Convert 477 (base 8) to base 3.
102211
Convert 8b3 (base 16) to base 13.
1024
-44 (base 6) to base 5
-103
-11352 (base 6) to base 12
-b58
What is -388 (base 12) in base 10?
-536
Convert 101111001 (base 2) to base 7.
1046
Convert 1735 (base 8) to base 16.
3dd
25093 (base 10) to base 16
6205
What is 133130 (base 4) in base 10?
2012
Convert -5761 (base 9) to base 15.
-13e7
Convert -825 (base 10) to base 6.
-3453
What is -142551 (base 6) in base 12?
-7a57
What is 3a5 (base 15) in base 14?
434
-4563 (base 7) to base 4
-121332
What is 4211 (base 5) in base 10?
556
-2656 (base 10) to base 4
-221200
33031122 (base 4) to base 9
104410
What is 1db (base 16) in base 8?
733
-210132 (base 7) to base 5
-2123322
Convert 3628 (base 9) to base 15.
bee
34 (base 15) to base 14
37
Convert 934 (base 10) to base 16.
3a6
Convert 153 (base 11) to base 9.
218
What is -4203 (base 5) in base 10?
-553
What is 5216 (base 7) in base 11?
1410
-2e6b (base 16) to base 15
-37c3
113316 (base 7) to base 9
30873
What is -2711 (base 8) in base 2?
-10111001001
-5330 (base 8) to base 16
-ad8
What is -9447 (base 11) in base 6?
-133534
What is -13586 (base 14) in base 9?
-72441
What is 578 (base 13) in base 12?
668
Convert 315453 (base 6) to base 16.
6519
Convert 237 (base 12) to base 16.
14b
Convert -a454 (base 11) to base 14.
-5097
What is -11928 (base 10) in base 9?
-17323
Convert 122103 (base 4) to base 3.
2022100
Convert -633 (base 8) to base 14.
-215
-321 (base 11) to base 14
-1d8
1092 (base 10) to base 13
660
What is 273 (base 11) in base 2?
101000010
Convert c8c0 (base 13) to base 4.
12303200
Convert b2d8 (base 15) to base 10.
37778
What is 10 (base 4) in base 14?
4
What is -a82 (base 16) in base 3?
-10200122
Convert 109 (base 15) to base 12.
176
-9088 (base 10) to base 12
-5314
Convert 84 (base 15) to base 5.
444
622 (base 13) to base 9
1377
Convert -157 (base 10) to base 6.
-421
85427 (base 9) to base 8
156242
21817 (base 12) to base 16
ad53
Convert 523 (base 15) to base 14.
5ca
What is 19978 (base 13) in base 9?
75464
-1002102120 (base 3) to base 13
-99c3
48 (base 9) to base 14
32
What is 2122210010 (base 3) in base 12?
26349
-1b6 (base 13) to base 16
-13e
Convert -31211 (base 4) to base 13.
-51b
What is -d7 (base 16) in base 11?
-186
-250 (base 11) to base 13
-19b
What is -414 (base 10) in base 7?
-1131
What is e92 (base 15) in base 5?
101122
Convert 32110 (base 4) to base 9.
1227
What is -20 (base 4) in base 7?
-11
Convert -1905 (base 13) to base 11.
-2885
-10020 (base 3) to base 16
-57
What is 111001101011 (base 2) in base 7?
13522
113 (base 11) to base 14
99
What is -312232 (base 4) in base 16?
-dae
-1c279 (base 14) to base 4
-101202203
What is 6246 (base 7) in base 9?
3003
-111001 (base 3) to base 13
-211
What is -223320 (base 4) in base 13?
-1380
111100001 (base 2) to base 13
2b0
Convert -5114 (base 6) to base 15.
-501
Convert 4418 (base 9) to base 11.
24a1
What is 112004 (base 5) in base 3?
12111022
111823 (base 9) to base 15
14cc3
Convert 12231 (base 4) to base 11.
360
What is -639 (base 12) in base 16?
-38d
What is 7e6 (base 15) in base 11?
1389
Convert -19d (base 15) to base 6.
-1421
What is -2a (base 15) in base 16?
-28
-a35 (base 12) to base 3
-2000212
5519 (base 10) to base 14
2023
-4406 (base 7) to base 2
-11000100110
-40385 (base 11) to base 16
-e68c
What is 10732 (base 8) in base 7?
16216
-696 (base 10) to base 12
-4a0
Convert -11330 (base 5) to base 12.
-5a0
-1484 (base 9) to base 7
-3202
Convert -111000111 (base 2) to base 14.
-247
Convert -230123 (base 4) to base 5.
-42333
What is 7563 (base 10) in base 14?
2a83
Convert -8451 (base 9) to base 4.
-1200322
What is 47 (base 12) in base 3?
2001
-303030 (base 7) to base 8
-144417
What is 63a5 (base 15) in base 10?
21080
7cc7 (base 14) to base 7
120240
What is -1345 (base 7) in base 15?
-24d
What is 10201 (base 6) in base 5?
20434
1435 (base 6) to base 13
236
What is 1cb1 (base 16) in base 5?
213340
What is -160772 (base 8) in base 11?
-3a511
What is 18740 (base 9) in base 5?
403441
What is 21502 (base 9) in base 15?
4358
What is 2841 (base 12) in base 6?
33321
What is -1011010001001 (base 2) in base 16?
-1689
What is -87a (base 15) in base 5?
-30130
Convert -30651 (base 7) to base 6.
-54513
-602 (base 12) to base 9
-1162
1 (base 5) to base 11
1
What is 200514 (base 6) in base 16?
3d7e
What is 310 (base 8) in base 6?
532
What is a88 (base 15) in base 10?
2378
-12248 (base 11) to base 6
-213245
231120 (base 4) to base 13
1425
What is 20044 (base 6) in base 4?
220330
Convert 10000010011 (base 2) to base 12.
72b
What is 11331 (base 4) in base 10?
381
1001011010101101 (base 2) to base 7
220313
What is 11110111110 (base 2) in base 7?
5531
-3422 (base 9) to base 13
-11c9
What is -449 (base 10) in base 2?
-111000001
Convert 12302 (base 4) to base 15.
1de
What is 548 (base 10) in base 6?
2312
-33a13 (base 11) to base 13
-194a0
Convert -4514 (base 7) to base 5.
-23003
What is 514 (base 8) in base 3?
110022
Convert -11020111 (base 3) to base 13.
-153a
Convert -27537 (base 8) to base 5.
-342002
-484 (base 10) to base 7
-1261
Convert -10043 (base 5) to base 3.
-220000
-110001100111000 (base 2) to base 11
-180a1
Convert -4